{"id":3243,"date":"2021-10-11T11:46:29","date_gmt":"2021-10-11T09:46:29","guid":{"rendered":"https:\/\/www.optimarti.com\/miltecar\/?post_type=product&#038;p=3243"},"modified":"2021-10-21T15:34:47","modified_gmt":"2021-10-21T13:34:47","slug":"ls-814","status":"publish","type":"product","link":"https:\/\/www.optimarti.com\/miltecar\/producto\/ls-814\/","title":{"rendered":"LS 814"},"content":{"rendered":"","protected":false},"excerpt":{"rendered":"<p class=\"p1\">Formulado para la limpieza de salpicaderos y pantallas de datos. Su funci\u00f3n es aportar limpieza, brillo y repeler el polvo. En pantallas t\u00e1ctiles retrasa la aparaci\u00f3n de huellas.<\/p>\n<p><strong>Aplicaciones: <\/strong>Aplicar el producto en la bayeta y frotar de forma suave y organizada sobre la superficie hasta que el producto seque completamennte. Tiene la peculiaridad de que no mancha ni engrasa cristales ni tiene efecto de evaporaci\u00f3n con el calor para evitar empa\u00f1amientos en el parabrisas.<\/p>\n<p>Presentaci\u00f3n: 500 Ml<\/p>\n","protected":false},"featured_media":3428,"template":"","meta":[],"product_cat":[64],"product_tag":[],"class_list":{"0":"post-3243","1":"product","2":"type-product","3":"status-publish","4":"has-post-thumbnail","6":"product_cat-productos-de-limpieza-para-coches"},"_links":{"self":[{"href":"https:\/\/www.optimarti.com\/miltecar\/wp-json\/wp\/v2\/product\/3243","targetHints":{"allow":["GET"]}}],"collection":[{"href":"https:\/\/www.optimarti.com\/miltecar\/wp-json\/wp\/v2\/product"}],"about":[{"href":"https:\/\/www.optimarti.com\/miltecar\/wp-json\/wp\/v2\/types\/product"}],"wp:featuredmedia":[{"embeddable":true,"href":"https:\/\/www.optimarti.com\/miltecar\/wp-json\/wp\/v2\/media\/3428"}],"wp:attachment":[{"href":"https:\/\/www.optimarti.com\/miltecar\/wp-json\/wp\/v2\/media?parent=3243"}],"wp:term":[{"taxonomy":"product_cat","embeddable":true,"href":"https:\/\/www.optimarti.com\/miltecar\/wp-json\/wp\/v2\/product_cat?post=3243"},{"taxonomy":"product_tag","embeddable":true,"href":"https:\/\/www.optimarti.com\/miltecar\/wp-json\/wp\/v2\/product_tag?post=3243"}],"curies":[{"name":"wp","href":"https:\/\/api.w.org\/{rel}","templated":true}]}}