{"id":3246,"date":"2021-10-11T11:51:55","date_gmt":"2021-10-11T09:51:55","guid":{"rendered":"https:\/\/www.optimarti.com\/miltecar\/?post_type=product&#038;p=3246"},"modified":"2021-10-21T15:33:43","modified_gmt":"2021-10-21T13:33:43","slug":"rp-0","status":"publish","type":"product","link":"https:\/\/www.optimarti.com\/miltecar\/producto\/rp-0\/","title":{"rendered":"RP 0"},"content":{"rendered":"","protected":false},"excerpt":{"rendered":"<p class=\"p1\">Producto dise\u00f1ado para rejuvenecer pl\u00e1sticos exteriores y neum\u00e1ticos. Gran capacidad de brillo y adhesi\u00f3n a la superficie a tratar.<\/p>\n<p><strong>Aplicaciones: <\/strong>En neum\u00e1ticos aplicar en una esponja o brocha y repartir el producto de manera uniforme. En parachoques, molduras y marcos de las ventanillas aplicar con una bayeta de forma cuidadosa para no manchar pinturas ni cristales.<\/p>\n<p>Presentaci\u00f3n: 500 Ml<\/p>\n","protected":false},"featured_media":3424,"template":"","meta":[],"product_cat":[64],"product_tag":[],"class_list":{"0":"post-3246","1":"product","2":"type-product","3":"status-publish","4":"has-post-thumbnail","6":"product_cat-productos-de-limpieza-para-coches"},"_links":{"self":[{"href":"https:\/\/www.optimarti.com\/miltecar\/wp-json\/wp\/v2\/product\/3246","targetHints":{"allow":["GET"]}}],"collection":[{"href":"https:\/\/www.optimarti.com\/miltecar\/wp-json\/wp\/v2\/product"}],"about":[{"href":"https:\/\/www.optimarti.com\/miltecar\/wp-json\/wp\/v2\/types\/product"}],"wp:featuredmedia":[{"embeddable":true,"href":"https:\/\/www.optimarti.com\/miltecar\/wp-json\/wp\/v2\/media\/3424"}],"wp:attachment":[{"href":"https:\/\/www.optimarti.com\/miltecar\/wp-json\/wp\/v2\/media?parent=3246"}],"wp:term":[{"taxonomy":"product_cat","embeddable":true,"href":"https:\/\/www.optimarti.com\/miltecar\/wp-json\/wp\/v2\/product_cat?post=3246"},{"taxonomy":"product_tag","embeddable":true,"href":"https:\/\/www.optimarti.com\/miltecar\/wp-json\/wp\/v2\/product_tag?post=3246"}],"curies":[{"name":"wp","href":"https:\/\/api.w.org\/{rel}","templated":true}]}}