{"id":3280,"date":"2021-10-11T13:16:17","date_gmt":"2021-10-11T11:16:17","guid":{"rendered":"https:\/\/www.optimarti.com\/miltecar\/?post_type=product&#038;p=3280"},"modified":"2021-10-21T15:21:55","modified_gmt":"2021-10-21T13:21:55","slug":"premium-alq-auto-2","status":"publish","type":"product","link":"https:\/\/www.optimarti.com\/miltecar\/producto\/premium-alq-auto-2\/","title":{"rendered":"Premium ALQ Auto"},"content":{"rendered":"","protected":false},"excerpt":{"rendered":"<p class=\"p1\">Disolvente de gran calidad para la eliminaci\u00f3n de alquitr\u00e1n y colas de adheridas a las carrocer\u00edas de los veh\u00edculos.<\/p>\n<p>Aplicaciones: Aplicar puro mediante sistema de pulverizaci\u00f3n.<\/p>\n<p>Presentaci\u00f3n: 5 Kg<\/p>\n","protected":false},"featured_media":3393,"template":"","meta":[],"product_cat":[65,79,67],"product_tag":[],"class_list":{"0":"post-3280","1":"product","2":"type-product","3":"status-publish","4":"has-post-thumbnail","6":"product_cat-productos-de-limpieza-industriales-para-coches","7":"product_cat-productos-industriales-para-el-lavado-manual-de-coches","8":"product_cat-productos-de-lavado-para-coches"},"_links":{"self":[{"href":"https:\/\/www.optimarti.com\/miltecar\/wp-json\/wp\/v2\/product\/3280","targetHints":{"allow":["GET"]}}],"collection":[{"href":"https:\/\/www.optimarti.com\/miltecar\/wp-json\/wp\/v2\/product"}],"about":[{"href":"https:\/\/www.optimarti.com\/miltecar\/wp-json\/wp\/v2\/types\/product"}],"wp:featuredmedia":[{"embeddable":true,"href":"https:\/\/www.optimarti.com\/miltecar\/wp-json\/wp\/v2\/media\/3393"}],"wp:attachment":[{"href":"https:\/\/www.optimarti.com\/miltecar\/wp-json\/wp\/v2\/media?parent=3280"}],"wp:term":[{"taxonomy":"product_cat","embeddable":true,"href":"https:\/\/www.optimarti.com\/miltecar\/wp-json\/wp\/v2\/product_cat?post=3280"},{"taxonomy":"product_tag","embeddable":true,"href":"https:\/\/www.optimarti.com\/miltecar\/wp-json\/wp\/v2\/product_tag?post=3280"}],"curies":[{"name":"wp","href":"https:\/\/api.w.org\/{rel}","templated":true}]}}